when 408903581 is divided by 2563.
2561
Calculate the remainder when 2448762 is divided by 37.
28
Calculate the remainder when 485752 is divided by 1609.
1443
What is the remainder when 193860 is divided by 3091?
2218
Calculate the remainder when 74855 is divided by 572.
495
What is the remainder when 101668 is divided by 19458?
4378
What is the remainder when 625671 is divided by 71?
19
Calculate the remainder when 262040 is divided by 418.
372
What is the remainder when 824175 is divided by 363?
165
What is the remainder when 118240 is divided by 118065?
175
What is the remainder when 3616439 is divided by 380?
359
What is the remainder when 10059503 is divided by 59?
3
What is the remainder when 1595870 is divided by 262?
28
Calculate the remainder when 625604 is divided by 489.
173
What is the remainder when 3384031 is divided by 6741?
49
Calculate the remainder when 76861531 is divided by 7132.
7099
Calculate the remainder when 7629395 is divided by 34.
33
What is the remainder when 702006 is divided by 1028?
910
Calculate the remainder when 41527734 is divided by 14.
10
Calculate the remainder when 661292 is divided by 2257.
2248
What is the remainder when 1304572 is divided by 130449?
82
What is the remainder when 5841141 is divided by 454?
431
What is the remainder when 3120 is divided by 687?
372
Calculate the remainder when 697664 is divided by 697609.
55
What is the remainder when 28145 is divided by 9324?
173
Calculate the remainder when 376788 is divided by 901.
170
What is the remainder when 1110631 is divided by 152?
119
Calculate the remainder when 2687907 is divided by 23578.
15
What is the remainder when 1347680 is divided by 45?
20
What is the remainder when 92987301 is divided by 2708?
2705
What is the remainder when 130564 is divided by 39?
31
Calculate the remainder when 5156150 is divided by 224180.
10
Calculate the remainder when 119747 is divided by 1088.
67
Calculate the remainder when 1816645 is divided by 49.
19
Calculate the remainder when 13664341 is divided by 505.
51
What is the remainder when 2432196 is divided by 13512?
36
What is the remainder when 855577 is divided by 24445?
2
Calculate the remainder when 25963810 is divided by 126.
124
Calculate the remainder when 374298 is divided by 651.
624
What is the remainder when 432963 is divided by 24?
3
What is the remainder when 26838484 is divided by 4473069?
70
What is the remainder when 287800 is divided by 35968?
56
Calculate the remainder when 8320 is divided by 46.
40
What is the remainder when 178128 is divided by 12530?
2708
What is the remainder when 3747463 is divided by 88?
71
Calculate the remainder when 220869529 is divided by 2555.
2554
Calculate the remainder when 12778414 is divided by 2129733.
16
What is the remainder when 130290796 is divided by 28?
20
Calculate the remainder when 1652149 is divided by 1298.
1093
What is the remainder when 540787 is divided by 13192?
13107
What is the remainder when 166584 is divided by 646?
562
What is the remainder when 14704384 is divided by 1867?
1759
What is the remainder when 147297 is divided by 1990?
37
What is the remainder when 17434702 is divided by 30?
22
What is the remainder when 383148 is divided by 596?
516
Calculate the remainder when 369142 is divided by 3238.
10
Calculate the remainder when 28413488 is divided by 497.
495
What is the remainder when 3471595 is divided by 2386?
2351
What is the remainder when 103920 is divided by 2965?
145
Calculate the remainder when 4637344 is divided by 2269.
1777
What is the remainder when 12010626 is divided by 2402125?
1
Calculate the remainder when 4240365 is divided by 103.
61
What is the remainder when 3928550 is divided by 151?
134
Calculate the remainder when 93125 is divided by 1565.
790
Calculate the remainder when 404122812 is divided by 2285.
2282
What is the remainder when 12849300 is divided by 60?
0
Calculate the remainder when 569179000 is divided by 284589493.
14
What is the remainder when 172538 is divided by 2185?
2108
Calculate the remainder when 13973839 is divided by 906.
601
What is the remainder when 3679649 is divided by 510?
509
What is the remainder when 3080301 is divided by 146?
139
What is the remainder when 19262899 is divided by 118?
107
What is the remainder when 8109165 is divided by 3369?
3351
Calculate the remainder when 5485873 is divided by 7474.
7431
Calculate the remainder when 2132823 is divided by 1181.
1118
Calculate the remainder when 402568 is divided by 14377.
12
What is the remainder when 294589333 is divided by 134?
115
Calculate the remainder when 262921 is divided by 804.
13
Calculate the remainder when 1316449859 is divided by 33.
32
Calculate the remainder when 3042624 is divided by 61.
5
What is the remainder when 8339462 is divided by 3930?
2
Calculate the remainder when 985120 is divided by 492433.
254
What is the remainder when 2598155 is divided by 5357?
10
What is the remainder when 8849407 is divided by 298?
297
What is the remainder when 6976895 is divided by 384?
383
What is the remainder when 26975698 is divided by 206?
204
What is the remainder when 6906 is divided by 1065?
516
Calculate the remainder when 1577453 is divided by 143401.
42
Calculate the remainder when 53035 is divided by 3898.
2361
Calculate the remainder when 176487918 is divided by 62.
20
Calculate the remainder when 19948 is divided by 202.
152
Calculate the remainder when 301181086 is divided by 26.
24
Calculate the remainder when 4422 is divided by 9.
3
What is the remainder when 1663775 is divided by 324?
35
Calculate the remainder when 69909577 is divided by 279.
268
Calculate the remainder when 14528016 is divided by 468644.
52
What is the remainder when 29597862 is divided by 232?
230
Calculate the remainder when 45835 is divided by 1141.
195
What is the remainder when 11040965 is divided by 5?
0
What is the remainder when 56825857 is divided by 2691?
10
What is the remainder when 9879 is divided by 887?
122
What is the remainder when 75114 is divided by 24637?
1203
Calculate the remainder when 3793480 is divided by 758615.
405
What is the remainder when 1193400 is divided by 204?
0
Calculate the remainder when 78661 is divided by 519.
292
What is the remainder when 38928587 is divided by 12976190?
17
What is the remainder when 188370 is divided by 16944?
1986
What is the remainder when 130920 is divided by 2102?
596
What is the remainder when 10849979 is divided by 1989?
1973
Calculate the remainder when 240577 is divided by 2413.
1690
What is the remainder when 192647 is divided by 192373?
274
What is the remainder when 18262 is divided by 7452?
3358
What is the remainder when 9179624 is divided by 834508?
36
Calculate the remainder when 51125 is divided by 51088.
37
Calculate the remainder when 4018 is divided by 1648.
722
Calculate the remainder when 11046095 is divided by 45.
35
Calculate the remainder when 6675154 is divided by 114.
112
What is the remainder when 950169 is divided by 1176?
1137
What is the remainder when 1546608 is divided by 4521?
426
Calculate the remainder when 14437309 is divided by 10.
9
Calculate the remainder when 489464 is divided by 32568.
944
What is the remainder when 37919 is divided by 160?
159
Calculate the remainder when 773383 is divided by 87.
40
What is the remainder when 372431 is divided by 4138?
11
Calculate the remainder when 63929 is divided by 2886.
437
What is the remainder when 15091635 is divided by 28?
27
Calculate the remainder when 5086132 is divided by 1271532.
4
What is the remainder when 449054 is divided by 131?
117
What is the remainder when 3952642 is divided by 729?
4
What is the remainder when 634776 is divided by 514?
500
What is the remainder when 4715584 is divided by 1571852?
28
What is the remainder when 124239 is divided by 9493?
830
What is the remainder when 50225 is divided by 4088?
1169
Calculate the remainder when 12728784 is divided by 1946.
1944
Calculate the remainder when 246840 is divided by 408.
0
Calculate the remainder when 914569 is divided by 114317.
33
What is the remainder when 14199936 is divided by 330231?
3
Calculate the remainder when 21211376 is divided by 445.
6
What is the remainder when 1064666 is divided by 133077?
50
Calculat